t n be o(1). Let u be l(n). Suppose 2*f + u*f = -10. Let s(m) = m**2 + 6*m. Calculate s(f).
-5
Let k(a) = a**2 + 4*a. Let x be (-4)/10 + (-51)/(-15). Suppose -20 + 5 = x*v - 3*h, 4*h + 4 = -4*v. Give k(v).
-3
Let t(z) be the first derivative of 5 - 3 - 3*z**2 + 2*z**2. Give t(3).
-6
Let f(j) = -j**2 - 2*j + 5. Let k be f(-4). Let i(d) = 2*d**2 + 2*d - 4. Calculate i(k).
8
Let n(y) = -1. Let q(a) = 2*a + 3. Let z(c) = 4*n(c) + q(c). Let x be (-2)/(-4)*(1 - 3*1). Calculate z(x).
-3
Let s(b) = -6*b**2 + 5. Let k = -4 + 1. Let u(h) = 5*h**2 - 4. Let m(t) = k*s(t) - 4*u(t). Suppose 0 = 5*v + 10. Calculate m(v).
-7
Let a = -5 - -7. Let g(t) = 11 + t**a - 6*t - 1 - 3. Let w(c) = -c**3 + 6*c**2 + 7*c + 5. Let m be w(7). Determine g(m).
2
Let x(t) = t**2 + t - 5. Let u be x(-4). Let p(r) = -2 + u - 1 - 3*r. Suppose -4*c + 9 = -c. Calculate p(c).
-5
Let k(i) = -i. Let c(n) = n - 1. Let h(v) = c(v) + 2*k(v). What is h(1)?
-2
Let l be -5 - -6 - (-4 - -1). Let d = l - 2. Let n(a) = -a**2 + 6*a + 4. Let h(w) = 5*w**2 - 25*w - 15. Let b(s) = d*h(s) + 9*n(s). Calculate b(-4).
6
Let z(l) = 6*l**3 - 2*l**2 + 2*l - 1. Suppose 2*i + 0 = -d + 6, -4*d + 16 = 4*i. Let v be 0 + 0 - (2 + -3). Let w = d - v. What is z(w)?
5
Let o(h) be the third derivative of -h**6/120 + h**5/10 - h**4/24 + 2*h**3/3 + 27*h**2. Determine o(6).
-2
Let k(g) = -g**3 + 5*g**2 - 4*g - 1. Let l(u) be the third derivative of -u**6/120 - u**5/15 - u**2. Let c be l(-4). Suppose c = 2*b + 3*b - 20. Calculate k(b).
-1
Let i be -2 + 7/(28/(-8)). Let l(w) = -w + 3. Give l(i).
7
Let b(x) be the second derivative of x**4/12 - x**3/2 + 3*x**2/2 + 18*x. Determine b(3).
3
Let g = -12 + 9. Let d(h) = h**2 + 3*h + 4. What is d(g)?
4
Suppose 3*f + 74 = 83. Let h(r) = r - 8. Let s(c) = -c + 1. Let y(b) = -h(b) - 6*s(b). Give y(f).
17
Suppose -3*z = 10 - 1. Let w(f) be the third derivative of f**6/720 - f**5/120 - f**4/8 - f**2. Let a(c) be the second derivative of w(c). Calculate a(z).
-4
Let t(a) = 3*a - 2*a + 3*a. Calculate t(2).
8
Let z(d) be the third derivative of -d**5/60 + d**4/4 - d**3/6 + 4*d**2. Let i = -7 + 11. Give z(i).
7
Suppose 0 = -5*y + y + 4. Let c = 4 - y. Let x(t) = t**2 - 3*t + 1. Determine x(c).
1
Suppose 7 = 2*l - 5. Suppose -3*w + 5*w - l = 0. Let g(t) = -1 + t**w + 6*t - 9*t**2 - 2*t**3 + 0 + 12*t**2. Calculate g(4).
7
Let y(b) = b**2 - 7*b + 7. Let l(r) be the second derivative of r**4/12 + 2*r**3/3 - r. Let s be l(-5). Give y(s).
-3
Let c(w) be the first derivative of -w**2 - w + 1. Suppose 2 + 0 = q. Suppose -5 = -q*v - 7. Calculate c(v).
1
Let m(d) = -6*d**3 - 2*d - 2 + 6*d**2 - 3*d**2 + 0*d + 4*d**3. Let v(j) = -j**3 + 2*j**2 - j - 2. Let o(k) = 2*m(k) - 3*v(k). Calculate o(-2).
12
Let y(b) be the third derivative of 0 + 0*b**3 - 3*b**2 + 0*b + 1/24*b**4. Calculate y(-5).
-5
Let w(v) be the second derivative of -v**5/20 + 5*v**4/12 - 2*v**3/3 + 3*v**2 - 2*v. Give w(4).
6
Let w(t) be the first derivative of 2/3*t**3 - 1/2*t**2 + 2 + 0*t + 1/2*t**4. Calculate w(-2).
-6
Let i(j) = 3*j**3 - j**2 - j. Let f(g) be the second derivative of g**4/12 + 5*g**3/6 - g**2/2 - 2*g. Let v be f(-5). What is i(v)?
-3
Suppose -5*z = -n - 2 - 7, -4*n + 5*z - 6 = 0. Let p(i) = -i**3 + n + 4*i**3 - 4*i**3 - 5 + 3*i**2 + i. Determine p(3).
-1
Let z(f) = 5*f**2 + 4 + 4*f + 4*f**3 + 2*f - 3*f**3. Let n(u) = -2*u. Let r be n(-14). Suppose 2*g = -5*g - r. Give z(g).
-4
Let w(d) = -d**3 - 5*d**2 - 5*d - 3. Let i(c) = c + 5. Let t(s) = 2*s + 5. Let n(y) = 3*i(y) - 2*t(y). Let p be n(0). Suppose 1 = -2*a - p. What is w(a)?
-6
Suppose -3*c - 2*c = 0. Suppose 0*u + 2*u - 4 = c. Suppose -3*h - 14 = u*q - 4*q, 4*q + 5*h + 16 = 0. Let v(f) = -8*f + 1. Calculate v(q).
-7
Let y(w) = w**3 - 3*w**2 - 10*w + 1. Let m(p) = p**3 - 2*p**2 - 9*p. Let f(i) = 6*m(i) - 5*y(i). Determine f(-4).
-5
Let n(b) = 6*b**3 + 2*b**2 + 7*b + 5. Let f be (-32)/10 - 7/(-35). Let h(c) = -3*c**3 - c**2 - 3*c - 2. Let j(o) = f*n(o) - 7*h(o). Calculate j(1).
3
Let j(q) = -5*q + 1. Let z(c) = c**3 + 11*c**2 - c - 10. Let p be z(-11). Determine j(p).
-4
Let c(y) = -2*y + y + 1 + 4*y - 2*y. What is c(5)?
6
Suppose -7*a - 7*a = -9*a. Let h(t) be the second derivative of -t**4/12 + t**3/6 + 5*t**2/2 + t. Calculate h(a).
5
Let x(n) = -3*n - n - 6*n**2 + n - n**3 + 2*n**2 - 3. Give x(-4).
9
Suppose 4*y + 3 = 5*y. Suppose 0 = 2*b - 3*b + 3. Let t(p) = -b*p**2 + p + 4*p**2 - p**3 + 3*p**y. Calculate t(-1).
-2
Let d(i) be the second derivative of -i**7/840 - i**6/90 + i**5/60 + 5*i**4/24 - i**3/3 - 3*i. Let y(r) be the second derivative of d(r). Give y(-4).
-3
Let y(g) be the second derivative of g**5/20 - 23*g. Determine y(2).
8
Let a(n) = -2*n**2 + 1 + 7*n**2 - 3 + 0*n**2 - 4*n - n**3. Suppose -4 - 4 = -2*i. What is a(i)?
-2
Let i(p) be the first derivative of -3*p**4/4 + p**3/3 - p**2/2 + p + 6. What is i(1)?
-2
Let u(n) = 4*n**2 - 6*n - 5. Let x(h) = 5*h**2 - 7*h - 6. Let c(t) = 6*u(t) - 5*x(t). Let a(p) = -p**2 - 5*p - 1. Let v be a(-5). Determine c(v).
0
Suppose -2*i - 1 + 11 = 0. Suppose -4*m + 1 = -7. Let c(h) = -h + 2. Let t(f) = 2*f - 3. Let v(z) = i*c(z) + m*t(z). Determine v(3).
1
Suppose -2*z - 21 = -3*u + 6, -2*z + 6 = 0. Suppose -u*l = -5*l + 18. Let j(p) = p**3 + 3*p**2 + 4*p + 4. What is j(l)?
-8
Let t(p) = p**3 - 4*p**2 - 3*p - 6. Let n(k) = 5*k + k**3 - 6*k**2 + 0*k**2 + 3 + 2. Suppose 0 = -o - 1, -18 = -4*z - 0*o - 2*o. Let w be n(z). Determine t(w).
4
Let t(u) = -u**3 - 6*u**2 + 2*u + 4. Let b be t(-6). Let w(g) = -g**3 - 9*g**2 - 8*g + 5. Determine w(b).
5
Let z(g) be the second derivative of -g**5/20 - g**4/2 + g**3/6 + 5*g**2/2 + g. Let d be (3 - 4) + -7 + 2. Give z(d).
-1
Let s(h) = -h + 1. Let b be s(4). Let q(y) be the second derivative of -y**5/20 - y**4/6 + 2*y**3/3 + 3*y**2/2 + 3*y. Calculate q(b).
0
Let b(j) = -j**2 - j + 4. Suppose -3*u - 2*u = 4*o + 24, -u = -o - 6. Let c be 12/20 + o/10. Determine b(c).
4
Suppose -9 + 7 = w. Let t(h) be the third derivative of -h**6/144 + h**5/120 + h**4/24 + 2*h**2. Let u(f) be the second derivative of t(f). Give u(w).
11
Let r(t) be the first derivative of -1/3*t**3 + 5/2*t**2 - 3*t - 2. Give r(3).
3
Let s(p) = -8*p**2 - 1. Suppose 0 = 2*q - 3*h - 5, 3*q - h = 2*q + 5. Let g = q - 9. What is s(g)?
-9
Let r(o) = -o**3 - 7*o**2 - 5*o + 4. Let c be (-12)/(-2)*(5 - 6). What is r(c)?
-2
Let f(i) be the second derivative of -i**6/180 + i**5/30 + i**4/24 - i**3/6 + 2*i. Let u(h) be the second derivative of f(h). Determine u(3).
-5
Let k be -3*((-4)/(-12) + -1). Let i = 11 + -9. Let c(m) = 5 - i + m - 1. What is c(k)?
4
Suppose 26 = 4*b + 2*w, 4*b + 0*w + 3*w - 29 = 0. Let y = b + 0. Suppose 4*t + 3*m + 2*m = -25, -3*t = -y*m - 25. Let c(j) = j**3 + j**2. What is c(t)?
0
Let h(w) = -w**3 - 6*w**2 - 8*w - 7. Suppose 4*c + 0*c = 0. Let b = -5 - c. What is h(b)?
8
Let h = -18 - -10. Let i = 3 + h. Let v(w) = w**3 + 6*w**2 + 6*w + 7. What is v(i)?
2
Let n be (-8)/(-6)*(-12)/8. Let t(o) be the third derivative of 0*o - 1/12*o**4 + 0*o**3 - 1/30*o**5 + 3*o**2 + 0 - 1/120*o**6. Give t(n).
4
Suppose g - 6*g - 5 = 0. Let m(q) = q + 0 + 1 + 4*q**2 + 4*q**2 - 6*q**2. Determine m(g).
2
Let y = 206 + -213. Let q(k) = k**2 + 10*k + 10. Give q(y).
-11
Let c(x) be the third derivative of -x**6/360 - x**5/20 + x**4/12 - 8*x**2. Let t(q) be the second derivative of c(q). Give t(-4).
2
Let x(k) be the third derivative of -k**6/360 + k**5/40 - k**4/24 - k**3/6 - 2*k**2. Let a(j) be the first derivative of x(j). What is a(2)?
1
Let l be (0 - 0) + 2/2. Let o be (l/(-1)*0)/(-2). Let q(t) = -t**3 - t**2 + 10. Determine q(o).
10
Suppose l + 4*l - 25 = 0. Suppose -l*k + 4*n - 35 = 0, -4*n = n - 25. Let y(i) = 2*i**2 + 1 - 7 - 3*i**2 - i + 8. Determine y(k).
-4
Let a(p) = -p**3 - 8*p**2 + p + 10. Let r be a(-8). Let h(k) = k**3 - 1 - 2 + 0*k**2 - k**r + 4. Give h(1).
1
Suppose -5*n = b - 43 - 41, 0 = n + 4*b - 32. Let l be n/72 + (-68)/(-18). Suppose -l*m + 7*m + 15 = 0. Let q(u) = 2*u + 6. Give q(m).
-4
Let p(q) = -q**2 - 4*q + 2*q**2 + 0*q**2. Let u = 4 - 4. Suppose -3*i - 9 = 0, u = f + 6*i - 5*i. What is p(f)?
-3
Let x = 9 - 4. Let d = x - 3. Let j(o) = -o**2 + 2*o. Determine j(d).
0
Let v(y) be the first derivative of y**3/3 - 5*y**2/2 + 2*y + 3. Let l(o) = -o**2 + 5*o + 8. Let f be l(6). Calculate v(f).
-4